 is divided by 27.
24
Calculate the remainder when 272 is divided by 13.
12
Calculate the remainder when 139 is divided by 21.
13
Calculate the remainder when 177 is divided by 19.
6
What is the remainder when 2373 is divided by 593?
1
What is the remainder when 122 is divided by 45?
32
What is the remainder when 1199 is divided by 596?
7
What is the remainder when 433 is divided by 7?
6
What is the remainder when 37 is divided by 5?
2
Calculate the remainder when 1456 is divided by 165.
136
Calculate the remainder when 54 is divided by 16.
6
What is the remainder when 1526 is divided by 167?
23
What is the remainder when 2663 is divided by 36?
35
What is the remainder when 1868 is divided by 34?
32
What is the remainder when 87 is divided by 18?
15
Calculate the remainder when 348 is divided by 25.
23
What is the remainder when 31 is divided by 9?
4
Calculate the remainder when 1889 is divided by 37.
2
What is the remainder when 536 is divided by 11?
8
Calculate the remainder when 116 is divided by 18.
8
What is the remainder when 543 is divided by 32?
31
Calculate the remainder when 424 is divided by 85.
84
Calculate the remainder when 15 is divided by 12.
3
Calculate the remainder when 123 is divided by 18.
15
Calculate the remainder when 2012 is divided by 32.
28
Calculate the remainder when 49 is divided by 35.
14
What is the remainder when 216 is divided by 111?
105
What is the remainder when 11864 is divided by 129?
125
Calculate the remainder when 4429 is divided by 10.
9
Calculate the remainder when 260 is divided by 67.
59
What is the remainder when 50 is divided by 41?
9
Calculate the remainder when 577 is divided by 63.
10
Calculate the remainder when 2759 is divided by 21.
8
Calculate the remainder when 990 is divided by 257.
219
What is the remainder when 18 is divided by 9?
0
Calculate the remainder when 487 is divided by 122.
121
Calculate the remainder when 186 is divided by 182.
4
Calculate the remainder when 117 is divided by 71.
46
Calculate the remainder when 310 is divided by 6.
4
Calculate the remainder when 1573 is divided by 15.
13
What is the remainder when 28 is divided by 10?
8
What is the remainder when 186 is divided by 36?
6
What is the remainder when 433 is divided by 109?
106
What is the remainder when 1280 is divided by 99?
92
What is the remainder when 1355 is divided by 16?
11
What is the remainder when 1661 is divided by 119?
114
What is the remainder when 258 is divided by 58?
26
What is the remainder when 176 is divided by 88?
0
Calculate the remainder when 166 is divided by 88.
78
What is the remainder when 849 is divided by 3?
0
What is the remainder when 104 is divided by 18?
14
Calculate the remainder when 81 is divided by 5.
1
Calculate the remainder when 7585 is divided by 2528.
1
What is the remainder when 1607 is divided by 267?
5
Calculate the remainder when 86 is divided by 20.
6
Calculate the remainder when 5218 is divided by 20.
18
Calculate the remainder when 5039 is divided by 45.
44
What is the remainder when 706 is divided by 25?
6
Calculate the remainder when 787 is divided by 28.
3
Calculate the remainder when 641 is divided by 127.
6
What is the remainder when 12362 is divided by 5?
2
What is the remainder when 372 is divided by 47?
43
What is the remainder when 389 is divided by 369?
20
What is the remainder when 1358 is divided by 84?
14
What is the remainder when 862 is divided by 318?
226
What is the remainder when 2535 is divided by 2524?
11
Calculate the remainder when 3023 is divided by 17.
14
Calculate the remainder when 145 is divided by 15.
10
Calculate the remainder when 256 is divided by 37.
34
Calculate the remainder when 318 is divided by 3.
0
What is the remainder when 119 is divided by 18?
11
What is the remainder when 243 is divided by 76?
15
What is the remainder when 18097 is divided by 10?
7
Calculate the remainder when 251 is divided by 15.
11
Calculate the remainder when 2476 is divided by 12.
4
Calculate the remainder when 1063 is divided by 53.
3
Calculate the remainder when 1075 is divided by 20.
15
Calculate the remainder when 1109 is divided by 30.
29
What is the remainder when 560 is divided by 219?
122
Calculate the remainder when 2342 is divided by 50.
42
What is the remainder when 880 is divided by 145?
10
Calculate the remainder when 7314 is divided by 77.
76
What is the remainder when 793 is divided by 20?
13
What is the remainder when 1319 is divided by 60?
59
Calculate the remainder when 3502 is divided by 16.
14
Calculate the remainder when 4052 is divided by 2026.
0
Calculate the remainder when 1516 is divided by 41.
40
What is the remainder when 97 is divided by 48?
1
Calculate the remainder when 1546 is divided by 43.
41
What is the remainder when 713 is divided by 55?
53
What is the remainder when 369 is divided by 91?
5
What is the remainder when 553 is divided by 33?
25
What is the remainder when 4706 is divided by 157?
153
Calculate the remainder when 779 is divided by 65.
64
What is the remainder when 1008 is divided by 22?
18
Calculate the remainder when 351 is divided by 28.
15
What is the remainder when 1601 is divided by 793?
15
Calculate the remainder when 374 is divided by 31.
2
What is the remainder when 204 is divided by 106?
98
What is the remainder when 633 is divided by 53?
50
What is the remainder when 1635 is divided by 26?
23
What is the remainder when 1014 is divided by 73?
65
Calculate the remainder when 254 is divided by 43.
39
What is the remainder when 378 is divided by 35?
28
What is the remainder when 530 is divided by 89?
85
Calculate the remainder when 1660 is divided by 79.
1
Calculate the remainder when 162 is divided by 160.
2
What is the remainder when 513 is divided by 13?
6
What is the remainder when 13891 is divided by 33?
31
Calculate the remainder when 121 is divided by 54.
13
What is the remainder when 52 is divided by 4?
0
What is the remainder when 1941 is divided by 72?
69
Calculate the remainder when 153 is divided by 71.
11
Calculate the remainder when 266 is divided by 125.
16
Calculate the remainder when 241 is divided by 112.
17
What is the remainder when 326 is divided by 104?
14
Calculate the remainder when 117 is divided by 44.
29
What is the remainder when 15 is divided by 12?
3
Calculate the remainder when 353 is divided by 71.
69
Calculate the remainder when 254 is divided by 53.
42
What is the remainder when 32 is divided by 19?
13
What is the remainder when 184 is divided by 25?
9
What is the remainder when 801 is divided by 9?
0
Calculate the remainder when 946 is divided by 158.
156
Calculate the remainder when 400 is divided by 24.
16
Calculate the remainder when 37 is divided by 13.
11
What is the remainder when 64 is divided by 37?
27
Calculate the remainder when 1437 is divided by 617.
203
What is the remainder when 368 is divided by 101?
65
Calculate the remainder when 325 is divided by 112.
101
What is the remainder when 278 is divided by 138?
2
Calculate the remainder when 466 is divided by 452.
14
Calculate the remainder when 78 is divided by 18.
6
Calculate the remainder when 268 is divided by 10.
8
What is the remainder when 3415 is divided by 16?
7
Calculate the remainder when 1405 is divided by 141.
136
Calculate the remainder when 597 is divided by 272.
53
What is the remainder when 153 is divided by 13?
10
What is the remainder when 164 is divided by 14?
10
What is the remainder when 182 is divided by 97?
85
Calculate the remainder when 50 is divided by 9.
5
What is the remainder when 74 is divided by 49?
25
Calculate the remainder when 48 is divided by 20.
8
Calculate the remainder when 12557 is divided by 40.
37
What is the remainder when 58 is divided by 8?
2
What is the remainder when 411 is divided by 3?
0
What is the remainder when 1398 is divided by 52?
46
What is the remainder when 3629 is divided by 907?
1
Calculate the remainder when 2151 is divided by 40.
31
What is the remainder when 2164 is divided by 45?
4
What is the remainder when 745 is divided by 54?
43
Calculate the remainder when 201 is divided by 49.
5
Calculate the remainder when 2148 is divided by 28.
20
Calculate the remainder when 102 is divided by 26.
24
Calculate the remainder when 95 is divided by